atest common factor of 9 and 666?
9
Calculate the greatest common divisor of 77 and 10549.
77
What is the highest common divisor of 12 and 102?
6
Calculate the highest common factor of 380 and 1045.
95
What is the highest common factor of 11 and 33011?
11
Calculate the greatest common divisor of 882 and 392.
98
Calculate the highest common factor of 530 and 4.
2
Calculate the highest common divisor of 5459 and 206.
103
What is the greatest common divisor of 3 and 29?
1
Calculate the highest common factor of 261 and 18.
9
What is the highest common divisor of 304 and 931?
19
What is the highest common factor of 1781 and 2192?
137
What is the greatest common factor of 462 and 42?
42
Calculate the highest common divisor of 38 and 912.
38
What is the highest common divisor of 21 and 14?
7
What is the greatest common divisor of 1417 and 52?
13
Calculate the greatest common factor of 9835 and 35.
35
Calculate the highest common factor of 19116 and 18.
18
What is the highest common factor of 978 and 6?
6
Calculate the greatest common factor of 140 and 2660.
140
Calculate the highest common factor of 62 and 35061.
31
What is the highest common factor of 38 and 133?
19
Calculate the greatest common factor of 5415 and 30.
15
Calculate the highest common factor of 108 and 312.
12
What is the highest common factor of 663 and 78?
39
What is the highest common factor of 1387 and 3577?
73
Calculate the highest common factor of 133 and 475.
19
What is the greatest common factor of 242 and 88?
22
What is the highest common factor of 2454 and 18?
6
Calculate the highest common factor of 2 and 26.
2
What is the highest common factor of 2 and 401?
1
What is the highest common factor of 352 and 154?
22
Calculate the highest common divisor of 3245 and 55.
55
Calculate the highest common divisor of 472 and 15222.
118
Calculate the greatest common factor of 3430 and 5.
5
What is the greatest common factor of 88 and 4994?
22
Calculate the greatest common factor of 511 and 63.
7
What is the highest common divisor of 12726 and 54?
18
Calculate the highest common factor of 3 and 1923.
3
What is the greatest common factor of 34 and 2?
2
What is the highest common divisor of 99 and 11?
11
What is the greatest common divisor of 5587 and 111?
37
Calculate the greatest common factor of 14 and 7.
7
Calculate the highest common divisor of 150 and 800.
50
What is the greatest common divisor of 8 and 3?
1
Calculate the highest common divisor of 219 and 511.
73
What is the highest common divisor of 2624 and 4346?
82
Calculate the greatest common factor of 1050 and 56.
14
Calculate the greatest common factor of 10 and 475.
5
What is the greatest common factor of 8559 and 135?
27
What is the greatest common factor of 2 and 54?
2
Calculate the greatest common factor of 3075 and 1200.
75
What is the highest common factor of 378 and 3654?
126
Calculate the highest common divisor of 2249 and 173.
173
Calculate the highest common factor of 280 and 84.
28
Calculate the highest common divisor of 112 and 8372.
28
Calculate the highest common divisor of 5 and 13975.
5
What is the greatest common divisor of 816 and 153?
51
Calculate the greatest common divisor of 276 and 874.
46
What is the highest common divisor of 75 and 975?
75
What is the greatest common factor of 8 and 1784?
8
What is the highest common divisor of 35 and 42805?
35
Calculate the greatest common factor of 65 and 1807.
13
Calculate the highest common factor of 33 and 759.
33
What is the greatest common factor of 1656 and 144?
72
What is the greatest common divisor of 48440 and 173?
173
Calculate the highest common factor of 5590 and 130.
130
What is the greatest common divisor of 420 and 120?
60
Calculate the greatest common divisor of 82 and 1271.
41
Calculate the highest common factor of 6993 and 42.
21
Calculate the highest common divisor of 3 and 51.
3
What is the greatest common divisor of 990 and 6?
6
What is the highest common divisor of 61367 and 109?
109
What is the highest common factor of 3020 and 20?
20
Calculate the greatest common divisor of 190 and 10.
10
What is the highest common divisor of 68 and 408?
68
Calculate the highest common factor of 117 and 2067.
39
What is the greatest common factor of 17797 and 13?
13
Calculate the greatest common factor of 364 and 224.
28
Calculate the greatest common factor of 12 and 68832.
12
What is the highest common divisor of 945 and 35?
35
Calculate the highest common divisor of 9 and 2007.
9
What is the greatest common divisor of 5705 and 245?
35
Calculate the highest common factor of 378 and 90.
18
Calculate the highest common divisor of 489 and 1304.
163
Calculate the greatest common divisor of 4495 and 1240.
155
What is the highest common factor of 360 and 32?
8
What is the greatest common divisor of 11 and 814?
11
Calculate the highest common factor of 989 and 23.
23
Calculate the highest common factor of 15024 and 72.
24
What is the greatest common factor of 36 and 6636?
12
What is the highest common divisor of 1274 and 52?
26
Calculate the highest common divisor of 665 and 570.
95
Calculate the greatest common factor of 468 and 1044.
36
What is the greatest common factor of 341 and 33?
11
Calculate the greatest common factor of 1264 and 79.
79
Calculate the greatest common divisor of 8172 and 72.
36
Calculate the greatest common factor of 3645 and 270.
135
Calculate the highest common divisor of 915 and 15.
15
What is the greatest common divisor of 371 and 7?
7
Calculate the highest common factor of 525 and 147.
21
Calculate the highest common factor of 2065 and 175.
35
Calculate the highest common divisor of 1118 and 86.
86
Calculate the greatest common factor of 45 and 6945.
15
Calculate the highest common factor of 6028 and 572.
44
What is the greatest common factor of 1333 and 837?
31
What is the highest common factor of 286 and 130?
26
Calculate the greatest common divisor of 14 and 30464.
14
Calculate the highest common divisor of 81 and 324.
81
What is the highest common factor of 56 and 602?
14
Calculate the greatest common divisor of 34 and 629.
17
Calculate the greatest common factor of 22 and 26114.
22
What is the greatest common divisor of 1150 and 6095?
115
Calculate the greatest common factor of 25029 and 54.
27
Calculate the greatest common divisor of 792 and 462.
66
What is the greatest common divisor of 912 and 72?
24
What is the greatest common factor of 6403 and 133?
19
Calculate the greatest common factor of 429 and 1053.
39
Calculate the greatest common divisor of 6363 and 63.
63
Calculate the highest common factor of 3 and 36.
3
Calculate the greatest common divisor of 909 and 202.
101
What is the highest common factor of 275 and 11?
11
Calculate the greatest common factor of 29 and 27782.
29
Calculate the greatest common divisor of 12 and 1308.
12
Calculate the greatest common factor of 3582 and 306.
18
Calculate the greatest common divisor of 2 and 279.
1
What is the greatest common divisor of 141 and 7567?
47
What is the greatest common factor of 738 and 108?
18
What is the greatest common factor of 260 and 60?
20
Calculate the highest common factor of 18 and 153.
9
Calculate the greatest common divisor of 11 and 539.
11
What is the highest common factor of 182 and 3710?
14
What is the highest common factor of 75 and 15?
15
What is the highest common divisor of 57 and 703?
19
What is the greatest common factor of 3 and 617?
1
Calculate the greatest common factor of 7189 and 91.
91
Calculate the greatest common divisor of 8295 and 315.
105
Calculate the greatest common factor of 37719 and 297.
297
Calculate the greatest common factor of 99 and 825.
33
What is the greatest common factor of 67 and 67?
67
Calculate the highest common divisor of 2768 and 16.
16
What is the greatest common factor of 880 and 2560?
80
Calculate the highest common divisor of 5216 and 32.
32
What is the highest common factor of 11 and 209?
11
Calculate the highest common divisor of 9653 and 98.
49
What is the greatest common divisor of 66 and 704?
22
Calculate the highest common divisor of 3690 and 60.
30
What is the highest common divisor of 552 and 96?
24
What is the highest common divisor of 80 and 270?
10
Calculate the greatest common divisor of 14780 and 